{"id":133,"date":"2022-06-20T20:25:16","date_gmt":"2022-06-20T20:25:16","guid":{"rendered":"https:\/\/niezwyciezony.org\/?page_id=133"},"modified":"2025-02-21T10:44:43","modified_gmt":"2025-02-21T10:44:43","slug":"zarzad","status":"publish","type":"page","link":"https:\/\/niezwyciezony.org\/index.php\/zarzad\/","title":{"rendered":"Zarz\u0105d"},"content":{"rendered":"\n<div class=\"wp-block-columns is-layout-flex wp-container-core-columns-is-layout-1 wp-block-columns-is-layout-flex\">\n<div class=\"wp-block-column is-layout-flow wp-block-column-is-layout-flow\" style=\"flex-basis:33.33%\"><div class=\"wp-block-image\">\n<figure class=\"aligncenter size-full is-resized\"><img loading=\"lazy\" decoding=\"async\" width=\"530\" height=\"652\" src=\"https:\/\/niezwyciezony.org\/wp-content\/uploads\/2025\/02\/Screenshot-2025-02-21-at-11.39.48.png\" alt=\"\" class=\"wp-image-852\" style=\"width:170px;height:auto\"\/><\/figure><\/div><\/div>\n\n\n\n<div class=\"wp-block-column is-layout-flow wp-block-column-is-layout-flow\" style=\"flex-basis:66.66%\">\n<h3 class=\"wp-block-heading has-medium-font-size\">Jagoda Pisarczyk &#8211; Prezes Zarz\u0105du<\/h3>\n\n\n\n<p class=\"has-small-font-size\">Od pocz\u0105tku pracy zawodowej zwi\u0105zana ze szkolnictwem. Prac\u0119 z dzie\u0107mi i m\u0142odzie\u017c\u0105 traktuje jako cel swojego zawodowego \u017cycia.&nbsp;<\/p>\n\n\n\n<p class=\"has-small-font-size\">Absolwentka Uniwersyteckiego Kolegium Kszta\u0142cenia Nauczycieli J\u0119zyka Niemieckiego na Uniwersytecie Warszawskim i wydzia\u0142u Lingwistyki Stosowanej i Filologii Wschodnios\u0142owia\u0144skiej.<\/p>\n<\/div>\n<\/div>\n\n\n\n<div class=\"wp-block-columns is-layout-flex wp-container-core-columns-is-layout-2 wp-block-columns-is-layout-flex\">\n<div class=\"wp-block-column is-layout-flow wp-block-column-is-layout-flow\" style=\"flex-basis:33.33%\"><div class=\"wp-block-image\">\n<figure class=\"aligncenter size-full is-resized\"><img loading=\"lazy\" decoding=\"async\" width=\"530\" height=\"686\" src=\"https:\/\/niezwyciezony.org\/wp-content\/uploads\/2025\/02\/Screenshot-2025-02-21-at-11.39.33.png\" alt=\"\" class=\"wp-image-844\" style=\"width:175px;height:auto\"\/><\/figure><\/div><\/div>\n\n\n\n<div class=\"wp-block-column is-vertically-aligned-stretch is-layout-flow wp-block-column-is-layout-flow\" style=\"flex-basis:66.66%\">\n<p><\/p>\n\n\n\n<h3 class=\"wp-block-heading has-medium-font-size\">Marta Nowicka &#8211; Wiceprzes Zarz\u0105du<\/h3>\n\n\n\n<p class=\"has-small-font-size\">Do\u015bwiadczony specjalista z dziedziny Zarz\u0105dzania Zasobami Ludzkimi. Z wykszta\u0142cenia i zami\u0142owania psycholog ze specjalno\u015bci\u0105 z psychologii klinicznej i osobowo\u015bci. Od 2016 roku certyfikowany Coach ICC.<\/p>\n<\/div>\n<\/div>\n","protected":false},"excerpt":{"rendered":"<p>Jagoda Pisarczyk &#8211; Prezes Zarz\u0105du Od pocz\u0105tku pracy zawodowej zwi\u0105zana ze szkolnictwem. Prac\u0119 z dzie\u0107mi i m\u0142odzie\u017c\u0105 traktuje jako cel swojego zawodowego \u017cycia.&nbsp; Absolwentka Uniwersyteckiego Kolegium Kszta\u0142cenia Nauczycieli J\u0119zyka Niemieckiego na Uniwersytecie Warszawskim i wydzia\u0142u Lingwistyki Stosowanej i Filologii Wschodnios\u0142owia\u0144skiej. Marta Nowicka &#8211; Wiceprzes Zarz\u0105du Do\u015bwiadczony specjalista z dziedziny Zarz\u0105dzania Zasobami Ludzkimi. Z wykszta\u0142cenia i &hellip; <a href=\"https:\/\/niezwyciezony.org\/index.php\/zarzad\/\" class=\"more-link\">Czytaj dalej<span class=\"screen-reader-text\"> \u201eZarz\u0105d\u201d<\/span><\/a><\/p>\n","protected":false},"author":1,"featured_media":0,"parent":0,"menu_order":0,"comment_status":"closed","ping_status":"closed","template":"elementor_header_footer","meta":{"footnotes":""},"class_list":["post-133","page","type-page","status-publish","hentry"],"better_featured_image":null,"_links":{"self":[{"href":"https:\/\/niezwyciezony.org\/index.php\/wp-json\/wp\/v2\/pages\/133","targetHints":{"allow":["GET"]}}],"collection":[{"href":"https:\/\/niezwyciezony.org\/index.php\/wp-json\/wp\/v2\/pages"}],"about":[{"href":"https:\/\/niezwyciezony.org\/index.php\/wp-json\/wp\/v2\/types\/page"}],"author":[{"embeddable":true,"href":"https:\/\/niezwyciezony.org\/index.php\/wp-json\/wp\/v2\/users\/1"}],"replies":[{"embeddable":true,"href":"https:\/\/niezwyciezony.org\/index.php\/wp-json\/wp\/v2\/comments?post=133"}],"version-history":[{"count":15,"href":"https:\/\/niezwyciezony.org\/index.php\/wp-json\/wp\/v2\/pages\/133\/revisions"}],"predecessor-version":[{"id":857,"href":"https:\/\/niezwyciezony.org\/index.php\/wp-json\/wp\/v2\/pages\/133\/revisions\/857"}],"wp:attachment":[{"href":"https:\/\/niezwyciezony.org\/index.php\/wp-json\/wp\/v2\/media?parent=133"}],"curies":[{"name":"wp","href":"https:\/\/api.w.org\/{rel}","templated":true}]}}

Zarząd

<div class="wp-block-columns is-layout-flex wp-container-core-columns-is-layout-1 wp-block-columns-is-layout-flex">
<div class="wp-block-column is-layout-flow wp-block-column-is-layout-flow" style="flex-basis:33.33%"><div class="wp-block-image">
<figure class="aligncenter size-full is-resized"><img loading="lazy" decoding="async" width="530" height="652" src="https://niezwyciezony.org/wp-content/uploads/2025/02/Screenshot-2025-02-21-at-11.39.48.png" alt="" class="wp-image-852" style="width:170px;height:auto"/></figure></div></div>



<div class="wp-block-column is-layout-flow wp-block-column-is-layout-flow" style="flex-basis:66.66%">
<h3 class="wp-block-heading has-medium-font-size">Jagoda Pisarczyk &#8211; Prezes Zarządu</h3>



<p class="has-small-font-size">Od początku pracy zawodowej związana ze szkolnictwem. Pracę z dziećmi i młodzieżą traktuje jako cel swojego zawodowego życia.&nbsp;</p>



<p class="has-small-font-size">Absolwentka Uniwersyteckiego Kolegium Kształcenia Nauczycieli Języka Niemieckiego na Uniwersytecie Warszawskim i wydziału Lingwistyki Stosowanej i Filologii Wschodniosłowiańskiej.</p>
</div>
</div>



<div class="wp-block-columns is-layout-flex wp-container-core-columns-is-layout-2 wp-block-columns-is-layout-flex">
<div class="wp-block-column is-layout-flow wp-block-column-is-layout-flow" style="flex-basis:33.33%"><div class="wp-block-image">
<figure class="aligncenter size-full is-resized"><img loading="lazy" decoding="async" width="530" height="686" src="https://niezwyciezony.org/wp-content/uploads/2025/02/Screenshot-2025-02-21-at-11.39.33.png" alt="" class="wp-image-844" style="width:175px;height:auto"/></figure></div></div>



<div class="wp-block-column is-vertically-aligned-stretch is-layout-flow wp-block-column-is-layout-flow" style="flex-basis:66.66%">
<p></p>



<h3 class="wp-block-heading has-medium-font-size">Marta Nowicka &#8211; Wiceprzes Zarządu</h3>



<p class="has-small-font-size">Doświadczony specjalista z dziedziny Zarządzania Zasobami Ludzkimi. Z wykształcenia i zamiłowania psycholog ze specjalnością z psychologii klinicznej i osobowości. Od 2016 roku certyfikowany Coach ICC.</p>
</div>
</div>

<p>Jagoda Pisarczyk &#8211; Prezes Zarządu Od początku pracy zawodowej związana ze szkolnictwem. Pracę z dziećmi i młodzieżą traktuje jako cel swojego zawodowego życia.&nbsp; Absolwentka Uniwersyteckiego Kolegium Kształcenia Nauczycieli Języka Niemieckiego na Uniwersytecie Warszawskim i wydziału Lingwistyki Stosowanej i Filologii Wschodniosłowiańskiej. Marta Nowicka &#8211; Wiceprzes Zarządu Doświadczony specjalista z dziedziny Zarządzania Zasobami Ludzkimi. Z wykształcenia i &hellip; <a href="https://niezwyciezony.org/index.php/zarzad/" class="more-link">Czytaj dalej<span class="screen-reader-text"> „Zarząd”</span></a></p>
